3*s - s, a*r = -3*s + 32. Suppose -2*c + r = 3*c. What is the remainder when c is divided by 1?
0
What is the remainder when 212 is divided by (11 - 3)*(-70)/(-10)?
44
Let n(v) = v**2 + 6*v - 40. What is the remainder when 157 is divided by n(6)?
29
Suppose -3*m = l + 1, -5*m = 3*l - 7*l + 13. Let a = 1 + l. Suppose -3*z = 4*v - a, -6 = -5*z + 2*z - 3*v. Calculate the remainder when z is divided by 2.
1
Let c(h) = -h**2 - 26*h - 50. Calculate the remainder when 46 is divided by c(-23).
8
Let f(w) = -5*w - 5. Let x be 6/(-4) + 10/(-4). Suppose 10*d - 6*d = 176. What is the remainder when d is divided by f(x)?
14
Let q(g) = -183*g - 1058. Calculate the remainder when 106 is divided by q(-6).
26
Suppose -2 = 2*a - 0. Let o(l) = -12*l - 1. What is the remainder when o(a) is divided by 6?
5
Let x(c) = -c**2 + 8*c - 8. Let g be x(6). Calculate the remainder when ((-124)/(g - 8))/1 is divided by ((-77)/(-28))/(2/8).
9
Let p be -5 + (-56)/6 - 1/(-3). Let t = 43 - 63. Let v = p - t. Calculate the remainder when v is divided by 3.
0
Let g = -25 - -31. Suppose g*q + 28 = 136. What is the remainder when 33 is divided by q?
15
Suppose -2*o + 25 = -21. Let m = -19 + 30. Calculate the remainder when o is divided by m.
1
Let x = 94 + -35. Calculate the remainder when x is divided by 5.
4
Let t be -2 - (-1 + -3) - 4. What is the remainder when (35/(-3) - -11)/(2/(-111)) is divided by 2/1 + t + 19?
18
Suppose 3*k - 4*k + 21 = -2*w, -3*k + 59 = -5*w. Calculate the remainder when ((752/(-12))/(-4))/((-1)/(-3)) is divided by k.
8
Let a(o) = o**3 - 2*o**2 - 6*o - 3. Let v be a(-2). What is the remainder when v + 5 - (-2 + -145) is divided by 37?
34
Suppose 0 = j + j - 20. Suppose -j*o + 20 = -280. Calculate the remainder when o is divided by (-1)/(-4) - 86/(-8).
8
Let c = -25 + 27. Suppose k = -c*r, -5*k - 5*r + 9 + 11 = 0. Calculate the remainder when 46 is divided by k.
6
Let m = -72 - -49. Let w = 16 + m. Let g = w + 9. What is the remainder when 4 is divided by g?
0
Suppose -324 = -7*y + 3*y. Calculate the remainder when y is divided by 43.
38
Suppose -3*d + 7*d = 92. Suppose 542 = 4*s - 2*x, -4*x + 3*x - 3 = 0. Suppose 2*w + 0 = s. What is the remainder when w is divided by d?
21
Suppose -4*k + 0*a - 5*a = -3015, -5*k + 4*a = -3820. Suppose 4*d = -2024 + k. Calculate the remainder when d/(-6) - 1/(-3) is divided by 14.
11
Suppose 0 = 6*z + 3*z - 567. Suppose z*p = 66*p - 252. Let d = 35 + -13. What is the remainder when p is divided by d?
18
Let x = 1183 + -1181. Let z(s) = -2*s**2 - 3*s + 3. Let w be z(-3). What is the remainder when ((-2)/w)/((-4)/(-60)) is divided by x?
1
Suppose 0 = 15*w - 374 - 151. Let g(a) = 20*a**2 - a. What is the remainder when w is divided by g(1)?
16
Suppose 5*f + 8 = f. What is the remainder when (3 - 2)/((4 - 2)/18) is divided by -3 + (f + 1)*-7?
1
Let h(n) = -5*n - 13. Suppose -26 = 2*c - 0. Calculate the remainder when 152 is divided by h(c).
48
Let o = -1 - 0. Let s(f) be the first derivative of 13*f**3/3 - f - 49. What is the remainder when 47 is divided by s(o)?
11
Suppose -31 = -g + 3. Let k = g - 22. Let j(p) = p**3 - 12*p**2 + p - 7. What is the remainder when 14 is divided by j(k)?
4
Suppose -2*s = 2*s - 2*p - 38, -5*s + 37 = p. Calculate the remainder when s is divided by 2/(-9) + 76/18.
0
Let k = 22 - 3. Let n(m) = -m**3 + 11*m**2 - 9*m - 3. Let s be n(10). Let q(u) = -u**3 + 8*u**2 - 7*u + 5. Calculate the remainder when k is divided by q(s).
4
Let q(b) = -b - 3. Let o be q(-4). Suppose -15*k = -5*p - 16*k + 256, 3*p - 2*k = 164. Calculate the remainder when p is divided by 4/o*(-7)/(-2).
10
Suppose -5*t + m + 355 = 0, 3*t - 5*m + 45 = 280. Let s = -1389 + 1407. What is the remainder when t is divided by s?
16
Let u(g) = 133*g + 445. What is the remainder when 47 is divided by u(-3)?
1
Suppose 290 = -16*y + 1106. What is the remainder when 252 is divided by y?
48
Let n = 405 + -303. What is the remainder when n is divided by 4?
2
Let k = -239 - -88. Let o = k - -164. Calculate the remainder when 102 is divided by o.
11
Suppose -v = 2*l - 3745, -l + 1277 = -2*v - 588. What is the remainder when l is divided by 16?
15
What is the remainder when 1648 is divided by (2 + 3)*(-1143)/(-45)?
124
Suppose -4*q = -0*m - 3*m + 34, 0 = 4*q - 2*m + 32. What is the remainder when (-52)/10*(q - -2) is divided by 7?
5
What is the remainder when 4 + 136 + 5*1 is divided by 17?
9
Let j(s) = -42 + 83 - 47 - 17*s. What is the remainder when j(-2) is divided by 5?
3
Let l = -24 + 23. Let t be 1/((-1)/5)*l. Suppose 0 = -t*s + 2*s + 30. What is the remainder when 19 is divided by s?
9
Let r = -1190 - -2022. Calculate the remainder when r is divided by 17.
16
Let p = -13 + 23. Let z = 8 + p. Suppose -2*v = -5*v + z. Calculate the remainder when v is divided by 2.
0
Let i = 39 - 9. Calculate the remainder when i is divided by ((-72)/(-36))/((-1)/(-4)).
6
Suppose 2*u + 4*j = 132 + 52, -5*j = -4*u + 433. Suppose 0 = -4*b - 4*v + 172, -2*v + u + 23 = 3*b. What is the remainder when b is divided by 10?
9
Let v(j) = j**2 + 6*j - 45. Let k(b) = 4*b + 35. Let u be k(-13). What is the remainder when v(u) is divided by 37?
31
Let z be 0 + 2 + 0/4. Suppose -3*n = j - 258, 1032 = 4*j - z*n - 3*n. What is the remainder when 33 is divided by 8/(-28) + j/21?
9
Suppose 4*h - 2*i - 380 = -6*i, -186 = -2*h + 2*i. Let x = -7 + h. Suppose 2*v - 62 = 2*g - 2, 0 = v - 4*g - 30. What is the remainder when x is divided by v?
27
Let x(s) = -12 + 20 - 5*s - 12. What is the remainder when x(-5) is divided by 6?
3
Let l(m) = -m**3 + 5*m**2 + 37*m + 17. Calculate the remainder when l(-7) is divided by 29.
27
Suppose -4*k - k + 5 = 0. Calculate the remainder when (6/36*222 + 5)/((-6)/(-4)) is divided by -1*(-12 + 1 + k).
8
Suppose 5*v = -351 + 431. Calculate the remainder when 45 is divided by v.
13
Let i = 893 - 618. What is the remainder when i is divided by 94?
87
Let v be 2/12 + (-161)/(-42). Suppose -14 = -4*m - 3*y, -5*m - 3*y + 15 = -v. Calculate the remainder when 66 is divided by (-1)/(m - 4)*-23.
20
Calculate the remainder when 120 is divided by ((-9)/6 - -2)/((-1)/(-42)).
15
Suppose -11*m = -2*s - 456 + 170, -2*m + 52 = 2*s. What is the remainder when -3*(0 - (-85)/(-3)) is divided by m?
7
Let h = -33 - -11. Let c(n) = n**3 + 23*n**2 + 21*n - 13. Calculate the remainder when 33 is divided by c(h).
6
Let t be ((-16)/20 - -1)*35. Suppose 93 = -4*i + t*i. What is the remainder when i is divided by 7?
3
Let h = 17 - 12. Let c(j) = j**3 - j**2 - 1. Let p be c(1). Let q(f) = -9*f - 1. What is the remainder when q(p) is divided by h?
3
Suppose -7*a + 96 = -142. Suppose -5*f + a = o + 2*o, -o - 2 = 5*f. Calculate the remainder when o is divided by 2.
0
Let o be ((-2)/6)/((5/(-12))/5). Suppose o*y + 22 = s, 2*y + 16 = s + y. What is the remainder when 53 is divided by s?
11
Let c(q) = q**2 - q - 44. Let s(x) = -x**3 + 17*x**2 + 7*x - 27. What is the remainder when s(17) is divided by c(-7)?
8
Suppose 306*n - 326*n + 2240 = 0. Calculate the remainder when 455 is divided by n.
7
Let q(j) = -4*j + 1. Calculate the remainder when 13 is divided by q(-3).
0
Suppose 5*n = 6*n - 6. Suppose q - 2058 = -n*q. Calculate the remainder when 75 is divided by q/15 + 9/(-15).
18
Suppose -744*a = -740*a - 168. What is the remainder when 53 is divided by a?
11
Calculate the remainder when 53 is divided by (3/4)/(605/120 - 5).
17
Let o(n) = 53*n - 59. Calculate the remainder when o(3) is divided by 37.
26
Let j = -25 - -18. Let h(b) = b**2 + 8*b + 5. Let i be h(j). Let x(t) = -4*t**3 - 2*t**2 - 2. Calculate the remainder when 64 is divided by x(i).
20
Let t(w) = -2*w**2 + 2*w + 5*w**2 - 3 + w**2 - w**2. Calculate the remainder when t(3) is divided by 8.
6
Let k = 31 - 11. Let z = k + -13. Let c(d) = -d**3 - 2*d**2 + 4*d - 5. Calculate the remainder when c(-4) is divided by z.
4
Let b = -1374 + 1394. Suppose 4*a = -a - 10, -164 = -2*c + 3*a. What is the remainder when c is divided by b?
19
Suppose -22*w + 19*w + 156 = 0. Let m = 89 - w. What is the remainder when m is divided by 5?
2
Let i = 937 - 834. What is the remainder when i is divided by 21?
19
Calculate the remainder when 20 is divided by (-17)/((-17)/10) + 0.
0
Let v(s) = -2*s**3 - 5*s**2 + 5. Let o = 543 + -529. Calculate the